m and 91?
13
Let u(r) = -8*r + 9. Let n be u(3). Let t be (-8)/(-6)*n/(-2). Let j = t - -2. What is the greatest common factor of j and 24?
12
Let m = -220 + 66. Let r = -145 - m. Calculate the highest common factor of r and 9.
9
Suppose -3 - 8 = -x - j, 3*x - 1 = 5*j. Suppose -x*r = -r - 1974. What is the greatest common factor of r and 47?
47
Let n = 604 - 276. Let r(a) = -2*a**2 - 86*a - 43. Let p be r(-42). Calculate the greatest common divisor of p and n.
41
Let b be ((-66)/(-1815)*11)/(9/(-5) - -2). Calculate the greatest common divisor of 622 and b.
2
Let w be (175 + -185)/((-2)/4). Calculate the highest common divisor of 1012 and w.
4
Let x(f) = -5*f**2 - 38*f - 50. Let w be x(-17). Let s = 1400 + w. Calculate the greatest common factor of 19 and s.
19
Let x = -45780 - -46066. Suppose -5*f = 0, -4*f = 4*p - 3*f - 104. What is the greatest common factor of p and x?
26
Let b = 242 + -29. Suppose 180 = -11*q + b. Calculate the highest common divisor of q and 84.
3
Let g be (-980)/(-161) - 12/138. Suppose -g*k = 21*k - 1296. What is the greatest common divisor of 16 and k?
16
Let r(m) = -177 + 2*m + 85 + 95 - 169*m**3. Let w be r(-1). What is the greatest common factor of w and 10?
10
Suppose 13 = 5*q + 3*u, 0*u + 3*u + 1 = 2*q. Suppose -346 = -q*h - 0*g + 2*g, h - 153 = -3*g. What is the greatest common divisor of 21 and h?
21
Let w(z) = 4*z**2 - 5*z - 21. Let s be w(-3). Let m(y) = -14*y + 16 - s + 22. Let d be m(-3). What is the greatest common factor of 125 and d?
25
Suppose -26 + 8 = -2*y. Suppose -4*x + 3*z = 6 + y, 5*x + 21 = 3*z. Let l be (-10)/(-15)*6 - x. Calculate the greatest common factor of l and 10.
10
Let g be (-14)/(-4) + (-11)/22. Suppose 2*n + 11 = g*i + 4, -5*n + i + 15 = 0. Suppose t - 450 = -n*t. What is the highest common factor of 15 and t?
15
Let w be (0 - 1)*(-467016)/244. Calculate the greatest common factor of 132 and w.
66
Suppose -g + 120 = 5*h, 6*h + 480 = 4*g + 2*h. Let b(u) = -2*u**3 + 109*u**2 + 414*u - 264. Let p be b(58). What is the highest common divisor of g and p?
40
Let g be 6*(-4)/((-12)/75). Suppose 0 = 2*f - 0*j + 3*j - 10, 0 = 2*j - 4. Let m be 5 - (-16 + 6)/(f*1). What is the greatest common factor of g and m?
10
Suppose -5*q - 3*s - 183 = -q, 5*s - 59 = 2*q. Let c be (88/(-6))/(q/630). Calculate the highest common divisor of c and 88.
44
Let g = 253 - 251. Suppose 0*k - 56 = -4*k. Calculate the highest common divisor of g and k.
2
Let o = 551 - 236. Suppose 1347*w + 1356*w = 2676*w + 1215. What is the highest common factor of o and w?
45
Let b(l) = -9*l - 22. Let x(o) = -o**3 + 22*o**2 - 55*o - 43. Let m be x(19). Let q be b(m). What is the highest common factor of 92 and q?
23
Let y = -1864 - -1876. What is the highest common factor of y and 78?
6
Let x be (-8)/30*3*5/(-2). Let m be (-441 - -15)/(x/(-3)). Let z = 919 - m. Calculate the greatest common factor of 35 and z.
35
Let o(d) = 30*d - 66. Let w be o(13). Let g = w + -280. Let y(p) = p**3 - 3*p**2 + 3*p + 5. Let b be y(4). What is the highest common factor of g and b?
11
Let x be (3/6 + (-2)/(-4))*-51. Let q = -48 - x. Suppose q*l = 0, -3*f = 5*l - 64 - 146. Calculate the highest common divisor of f and 14.
14
Let q = -113 + 68. Let r be 214 + 87/(-27) + (-10)/q. Suppose 9 = -3*n, r - 34 = 5*c + n. What is the highest common divisor of c and 252?
36
Let i be (-3)/((-6)/20) + (51 - 13). Calculate the highest common factor of 1984 and i.
16
Suppose -215 = -2*t + 5*n, -2*n = -3*t + 239 + 89. Suppose t*b - 96*b = 728. Calculate the highest common divisor of 16 and b.
4
Suppose -16*g - 38991 = -266319. What is the greatest common divisor of 148 and g?
148
Let v(h) = -h**3 + 9*h**2 + 21*h + 35. Let f be v(11). Suppose 256 = 2*p - 2*n, -3*p + 5*p = -5*n + 284. What is the greatest common factor of f and p?
12
Suppose 3*z + 2*o = 1146, 3*z - 62*o - 1161 = -59*o. Calculate the highest common factor of 3 and z.
3
Let q be 22 - 21 - (411 + 1 - -1). Let t = q + 445. What is the highest common factor of t and 187?
11
Suppose -4*w + 1670 = 3*x, -8*x = -7*x - 3*w - 548. Suppose 4*k - 3*h = 1082, -x = -28*k + 26*k - 5*h. What is the highest common factor of 170 and k?
34
Suppose 128 + 13 = -3*x. Let h = 60 + x. Suppose 6*q = -h + 91. Calculate the highest common factor of q and 65.
13
Let n(i) be the second derivative of 27*i**3/2 + 66*i**2 + 140*i. Let y be n(12). Calculate the highest common factor of y and 69.
69
Suppose 89*m + 404 = 1383. What is the highest common factor of m and 5071?
11
Let h be 603/12 + 1/(-4). Let z be ((-8)/6)/((-10)/(-15)). Let v = z + 32. Calculate the greatest common factor of v and h.
10
Let n = -1379 - -1487. What is the greatest common factor of n and 378?
54
Let x = 8 + 15. Let s = x + -2. Let n be (44/(-10) - -3)/((-6)/30). What is the greatest common divisor of n and s?
7
Suppose 3545 = 10*s - 12512 - 8293. What is the greatest common divisor of 30 and s?
5
Let n be (-2)/4 + ((-294)/12)/(-7). Suppose 0 - 14 = -2*o + h, 3*o + n*h = 12. Let f be 8 + (8/o)/((-6)/(-9)). Calculate the greatest common factor of f and 30.
10
Let n be ((-34)/(-8))/(2/8). Suppose 0 = -2*i + 2, -3*i + 2*i - 161 = -g. Let m = 196 - g. Calculate the highest common factor of n and m.
17
Let y be (0 - -1)/(2/22). Suppose -198 = -195*c + 189*c. What is the greatest common divisor of y and c?
11
Let b be 10/5*-2*(-127)/(-4). Let x = -112 - b. Let t(w) = 16*w**2 + 3*w + 2. Let h be t(-2). Calculate the highest common factor of x and h.
15
Let g(u) = -715*u - 4966. Let k be g(-7). What is the greatest common divisor of 5616 and k?
39
Let m be ((-78)/(-5))/((-996)/(-1660)). Calculate the highest common divisor of 2054 and m.
26
Let q(l) = 24*l + 52. Let o be q(-2). Suppose -b = 3*y - 14, o*y - 17 = -5*b + 20. Let x = 7 + -1. What is the highest common factor of x and y?
3
Let z be -2 - 2 - (-100)/1. Let m be (24/(-9))/(3*4/(-306)). Let h = z - m. What is the greatest common factor of h and 4?
4
Let v(p) = -1 - 1338*p**2 - 1 - 5 - 35*p + 1343*p**2. Let l be v(10). What is the highest common factor of 13 and l?
13
Suppose 4*j - j - 39 = 0. Let d be (33649/285)/23 + 4/(-30). Suppose -d*r - 1385 = -1450. Calculate the greatest common divisor of r and j.
13
Suppose 9*n - 88 = 2531 + 4185. What is the greatest common factor of 105 and n?
21
Let c = 67 + -62. Let b(s) = s - s**3 + 11 - c - 2*s**2 - s. Let q be b(-2). What is the highest common factor of 24 and q?
6
Suppose 2*c - 3*b - 39 = 0, c + 74*b = 77*b + 24. Let i(j) = 156*j - 3. Let u be i(3). Calculate the highest common factor of u and c.
15
Let x(g) = -176*g**3 + g. Let v be x(-1). Let r(u) = -u**2 + 51*u - 519. Let o be r(33). What is the highest common divisor of v and o?
25
Let k be -2 - (1/1 - 10). Let s = 57 - 59. Let c = k - s. Calculate the highest common factor of c and 9.
9
Let y(l) = 2*l**3 - 3*l**2 + 3*l + 3029. Let h be y(0). What is the greatest common divisor of 13 and h?
13
Let z = -148 - -151. Suppose -5*v - 25 = 0, z*i + 3*v + 12 = -0*i. Calculate the highest common factor of i and 13.
1
Let c = -118 + 123. Suppose -c*q = -9*q + 2*o + 58, 0 = 2*q + 4*o - 4. Calculate the greatest common divisor of q and 180.
12
Let g be 2*((-730)/(-25))/((-4)/(-5)). Let q = g + -55. What is the greatest common divisor of q and 81?
9
Let x be (-5 - 189/49)/((-11)/77). What is the highest common factor of 837 and x?
31
Let v be (30/(-35))/(9/(-378)). Calculate the greatest common divisor of v and 876.
12
Suppose 4*n + 3*m = 5*n + 12, 5*n = 2*m - 8. Suppose n = 10*k - 20 - 400. Calculate the highest common divisor of 84 and k.
42
Suppose -7*o + 17442 = 27*o. Let r = 817 - o. Calculate the greatest common divisor of 76 and r.
76
Let x = 66 + -10. Let j be (4 - -1) + 392/x. Calculate the greatest common divisor of j and 174.
6
Suppose -6 = -0*d - d. Let b = -546 - -525. Let t(r) = 3*r + 72. Let v be t(b). Calculate the greatest common divisor of d and v.
3
Suppose 42*z = 38*z - 748. Let b = -157 - z. Calculate the greatest common divisor of 110 and b.
10
Let v be 5/(-85) - (11 + (-16310)/119). Suppose -3*s = -s - 378. Calculate the greatest common divisor of s and v.
63
Let o(f) = f + 1. Let b be o(3). Suppose 519 = 3*u - b*h + h, -u + 3*h = -177. Calculate the highest common divisor of u and 19.
19